{"id":10,"date":"2025-10-24T16:03:47","date_gmt":"2025-10-24T14:03:47","guid":{"rendered":"https:\/\/twojszlak.you2.pl\/?page_id=10"},"modified":"2025-10-24T16:11:33","modified_gmt":"2025-10-24T14:11:33","slug":"oferta","status":"publish","type":"page","link":"https:\/\/twojszlak.you2.pl\/index.php\/oferta\/","title":{"rendered":"Oferta"},"content":{"rendered":"\n<p><strong>Tw\u00f3j Szlak \u2013 spersonalizowane podr\u00f3\u017ce szyte na miar\u0119 Twojego \u017cycia<\/strong><\/p>\n\n\n\n<p>Nie ma dw\u00f3ch takich samych ludzi, wi\u0119c po co wszyscy mieliby podr\u00f3\u017cowa\u0107 tak samo? Tw\u00f3j Szlak to firma, kt\u00f3ra uk\u0142ada wyjazdy tak, jakby robi\u0142a to dla siebie \u2013 z g\u0142ow\u0105, smakiem i pomys\u0142em. <\/p>\n\n\n\n<p> <\/p>\n\n\n\n<p>Projektujemy w pe\u0142ni spersonalizowane podr\u00f3\u017ce w Polsce i za granic\u0105, dopasowane do Twojego stylu, tempa i marze\u0144, a nie do algorytmu czy katalogu biura.<\/p>\n\n\n\n<p>\u200e<\/p>\n\n\n\n<h4 class=\"wp-block-heading\"><strong>Co robimy:<\/strong><\/h4>\n\n\n\n<ul class=\"wp-block-list\">\n<li>Indywidualne trasy i scenariusze podr\u00f3\u017cy \u2013 od dzikich g\u00f3rskich szlak\u00f3w po weekendowe city breaki z twistem.<\/li>\n<\/ul>\n\n\n\n<ul class=\"wp-block-list\">\n<li>Podr\u00f3\u017ce tematyczne \u2013 kulinarne, fotograficzne, historyczne, przyrodnicze, slow life lub ekstremalne \u2013 cokolwiek Ci\u0119 kr\u0119ci.<\/li>\n<\/ul>\n\n\n\n<ul class=\"wp-block-list\">\n<li>Organizacja logistyki \u2013 noclegi, transport, bilety, atrakcje, rekomendacje miejscowych \u2013 wszystko ogarni\u0119te.<\/li>\n<\/ul>\n\n\n\n<ul class=\"wp-block-list\">\n<li>Wsparcie podczas wyjazdu \u2013 aplikacja lub konsultant w kontakcie 24\/7, \u017ceby\u015b nie zgubi\u0142 si\u0119 w buszu ani w rozk\u0142adzie jazdy.<\/li>\n<\/ul>\n\n\n\n<ul class=\"wp-block-list\">\n<li>Oferta dla par, rodzin, grup i firm \u2013 ka\u017cdy dostaje swoj\u0105 wersj\u0119 \u015bwiata, a nie kopi\u0119 czyjego\u015b planu.<\/li>\n<\/ul>\n\n\n\n<ul class=\"wp-block-list\">\n<li>Tw\u00f3j Szlak to nie biuro podr\u00f3\u017cy, tylko pracownia do\u015bwiadcze\u0144, kt\u00f3ra tworzy historie, nie foldery.<\/li>\n<\/ul>\n\n\n\n<p>Nie prowadzimy wycieczek, tylko ludzi do miejsc, kt\u00f3re b\u0119d\u0105 ich wspomnieniami.<\/p>\n\n\n\n<p>Chcesz ruszy\u0107 w drog\u0119? My tylko poka\u017cemy, kt\u00f3r\u0119dy prowadzi Tw\u00f3j Szlak.<\/p>\n","protected":false},"excerpt":{"rendered":"<p>Tw\u00f3j Szlak \u2013 spersonalizowane podr\u00f3\u017ce szyte na miar\u0119 Twojego \u017cycia Nie ma dw\u00f3ch takich samych ludzi, wi\u0119c po co wszyscy mieliby podr\u00f3\u017cowa\u0107 tak samo? Tw\u00f3j Szlak to firma, kt\u00f3ra uk\u0142ada wyjazdy tak, jakby robi\u0142a to dla siebie \u2013 z g\u0142ow\u0105, smakiem i pomys\u0142em. Projektujemy w pe\u0142ni spersonalizowane podr\u00f3\u017ce w Polsce i za granic\u0105, dopasowane do [&hellip;]<\/p>\n","protected":false},"author":1,"featured_media":0,"parent":0,"menu_order":0,"comment_status":"closed","ping_status":"closed","template":"","meta":{"om_disable_all_campaigns":false,"_monsterinsights_skip_tracking":false,"_monsterinsights_sitenote_active":false,"_monsterinsights_sitenote_note":"","_monsterinsights_sitenote_category":0,"footnotes":""},"class_list":["post-10","page","type-page","status-publish","hentry"],"aioseo_notices":[],"_links":{"self":[{"href":"https:\/\/twojszlak.you2.pl\/index.php\/wp-json\/wp\/v2\/pages\/10","targetHints":{"allow":["GET"]}}],"collection":[{"href":"https:\/\/twojszlak.you2.pl\/index.php\/wp-json\/wp\/v2\/pages"}],"about":[{"href":"https:\/\/twojszlak.you2.pl\/index.php\/wp-json\/wp\/v2\/types\/page"}],"author":[{"embeddable":true,"href":"https:\/\/twojszlak.you2.pl\/index.php\/wp-json\/wp\/v2\/users\/1"}],"replies":[{"embeddable":true,"href":"https:\/\/twojszlak.you2.pl\/index.php\/wp-json\/wp\/v2\/comments?post=10"}],"version-history":[{"count":2,"href":"https:\/\/twojszlak.you2.pl\/index.php\/wp-json\/wp\/v2\/pages\/10\/revisions"}],"predecessor-version":[{"id":13,"href":"https:\/\/twojszlak.you2.pl\/index.php\/wp-json\/wp\/v2\/pages\/10\/revisions\/13"}],"wp:attachment":[{"href":"https:\/\/twojszlak.you2.pl\/index.php\/wp-json\/wp\/v2\/media?parent=10"}],"curies":[{"name":"wp","href":"https:\/\/api.w.org\/{rel}","templated":true}]}}